 what is 11 + 101010010?
101010101
In base 12, what is -3 - 57b?
-582
In base 5, what is 3044 - -4?
3103
In base 11, what is -1320 - 2?
-1322
In base 11, what is -5 + 468?
463
In base 5, what is 111431 + -3?
111423
In base 6, what is -5322 - -13?
-5305
In base 15, what is -8 - -511?
508
In base 14, what is -3 + 16?
13
In base 10, what is -49 + 47?
-2
In base 13, what is -31 - bc?
-120
In base 4, what is -132 + 2?
-130
In base 4, what is 110110 + -11?
110033
In base 6, what is -2203 - 10?
-2213
In base 11, what is -3a00 - 2?
-3a02
In base 11, what is 9 - 19?
-10
In base 3, what is 1102200 - 12?
1102111
In base 11, what is -4 - -58a?
586
In base 11, what is -3 + 64?
61
In base 14, what is 1b - -3?
20
In base 6, what is -10153 - 3?
-10200
In base 11, what is 441 - -4?
445
In base 15, what is -1 + 16?
15
In base 11, what is -78a5 + -5?
-78aa
In base 15, what is -2 + -19?
-1b
In base 16, what is -f3 - -f?
-e4
In base 9, what is -25 + -5?
-31
In base 11, what is 5 - -1648?
1652
In base 11, what is 57 + 3?
5a
In base 16, what is -33 - 15?
-48
In base 5, what is -1141 - 144?
-1340
In base 13, what is 11 - 0?
11
In base 15, what is 6 - 9?
-3
In base 13, what is -177 + 0?
-177
In base 7, what is 3211 + 21?
3232
In base 2, what is 100110101 + 11011?
101010000
In base 10, what is 4349 + -6?
4343
In base 10, what is 145 + -2?
143
In base 7, what is 2 + 305?
310
In base 14, what is 1 - -13c?
13d
In base 5, what is 223 - 4?
214
In base 3, what is -1111111 + 2?
-1111102
In base 11, what is 12 + 3a?
51
In base 4, what is 1 - 10301?
-10300
In base 16, what is 10 - -3b?
4b
In base 11, what is 24 + -23?
1
In base 14, what is 40 - 2?
3c
In base 16, what is -6 + c?
6
In base 8, what is 22236 - 5?
22231
In base 10, what is 942 - 2?
940
In base 12, what is -428 - -3?
-425
In base 8, what is 4 + -631?
-625
In base 11, what is -209 - -10?
-1a9
In base 16, what is -1a + -6?
-20
In base 8, what is 3 + -124?
-121
In base 16, what is -29 - -25?
-4
In base 14, what is 11bb - 1?
11ba
In base 13, what is -2 + 715?
713
In base 9, what is 13 - 16?
-3
In base 5, what is -14 - -21?
2
In base 5, what is -210 + 20?
-140
In base 6, what is 1322 - 3?
1315
In base 16, what is -78 + -a?
-82
In base 5, what is 30 + -1233?
-1203
In base 12, what is -1a - -534?
516
In base 15, what is -14 - -2?
-12
In base 14, what is 0 + 17c?
17c
In base 2, what is 101 - 100000100?
-11111111
In base 5, what is 1142 + 2?
1144
In base 12, what is 0 + -2395?
-2395
In base 9, what is 3 + -124?
-121
In base 6, what is -1023521 - -1?
-1023520
In base 4, what is -101 + -10?
-111
In base 12, what is -157 + 47?
-110
In base 14, what is -78 - 1?
-79
In base 7, what is -2 + 131?
126
In base 14, what is 705 - -d?
714
In base 11, what is 15 + -40?
-26
In base 6, what is 115045 - -3?
115052
In base 3, what is -20210 + -1?
-20211
In base 2, what is -1001 - 1101?
-10110
In base 11, what is -14358 - 0?
-14358
In base 13, what is -1c6c + -2?
-1c71
In base 10, what is -72 + 18?
-54
In base 16, what is 1b - -a?
25
In base 8, what is -5 + -1025?
-1032
In base 4, what is -10 - 13200?
-13210
In base 2, what is 101 + 110011101?
110100010
In base 9, what is 855 - -2?
857
In base 3, what is -1 - -1112?
1111
In base 6, what is -45 + -25?
-114
In base 9, what is -747 + 2?
-745
In base 8, what is 17 + 7?
26
In base 11, what is -23 - 2?
-25
In base 14, what is -385 - 5?
-38a
In base 16, what is -92 - 4?
-96
In base 9, what is 35 + 0?
35
In base 3, what is -20012 + -200?
-20212
In base 13, what is 4 - -1706?
170a
In base 3, what is 22012 + 121?
22210
In base 13, what is 4 + 98?
9c
In base 3, what is -10 + -1012001?
-1012011
In base 4, what is 12 - 201?
-123
In base 2, what is 110010 + 1110?
1000000
In base 9, what is -3 - -43?
40
In base 3, what is -12110111 + -11?
-12110122
In base 6, what is 101100 - -2?
101102
In base 15, what is ab - 0?
ab
In base 10, what is 980 - 4?
976
In base 10, what is 2030 - -2?
2032
In base 8, what is -2 - -236?
234
In base 10, what is 126 - -5?
131
In base 10, what is 3 - -212?
215
In base 8, what is 72 - 3?
67
In base 13, what is -2b - 4a?
-78
In base 15, what is -47 + c4?
7c
In base 3, what is 1 - -100112220?
100112221
In base 10, what is -5 + 1755?
1750
In base 16, what is -a2e - -3?
-a2b
In base 9, what is 106 - 82?
14
In base 15, what is -1c - 68?
-85
In base 15, what is 71 + -3?
6d
In base 16, what is 2c - 4?
28
In base 3, what is 12102 + 2?
12111
In base 12, what is 1 + -62?
-61
In base 10, what is -1 - -6067?
6066
In base 10, what is -185 - 2?
-187
In base 12, what is -4668 - 2?
-466a
In base 10, what is -21 - 4?
-25
In base 13, what is -4 - 43b?
-442
In base 10, what is -3548 + -5?
-3553
In base 12, what is -2 - 49?
-4b
In base 8, what is -70 + -25?
-115
In base 9, what is 5 - 1586?
-1581
In base 9, what is 10 + -58?
-48
In base 5, what is -1441 - 4?
-2000
In base 13, what is c - 49?
-3a
In base 13, what is 7 + ac?
b6
In base 8, what is -366 - 2?
-370
In base 16, what is -2 + -411?
-413
In base 9, what is -114 + -8?
-123
In base 13, what is 12 - 161?
-14c
In base 9, what is -517 - -2?
-515
In base 15, what is 5 + -81c?
-817
In base 8, what is -35 + 654?
617
In base 13, what is 287 + 0?
287
In base 12, what is -10 - -53?
43
In base 8, what is -1 - -31?
30
In base 6, what is 4 - -1?
5
In base 11, what is 2 + -37?
-35
In base 9, what is -1 - 32?
-33
In base 8, what is 42 - -30?
72
In base 13, what is 193 - 0?
193
In base 5, what is -1 - 133?
-134
In base 7, what is -13 - 21?
-34
In base 15, what is -1 + -40?
-41
In base 15, what is 1218 - 2?
1216
In base 10, what is -1613 - 0?
-1613
In base 9, what is -5464 - -4?
-5460
In base 9, what is 8306 + -1?
8305
In base 8, what is 153 - 1?
152
In base 14, what is -5 - b77?
-b7c
In base 14, what is 3 - 128?
-125
In base 2, what is 1 + 1001111?
1010000
In base 14, what is 0 - 58c?
-58c
In base 9, what is 8 - 155?
-146
In base 8, what is -272 + 3?
-267
In base 6, what is 12 - -23?
35
In base 13, what is 2 - 15?
-13
In base 15, what is -8b + -14?
-a0
In base 9, what is -423 - 1?
-424
In base 12, what is -1 + -25?
-26
In base 4, what is 100 + 23?
123
In base 9, what is 6733 - 2?
6731
In base 2, what is 10101 + 1000110101?
1001001010
In base 2, what is -111 + 10?
-101
In base 9, what is -5 - -37?
32
In base 13, what is -107b - 4?
-1082
In base 13, what is -9 - 18?
-24
In base 15, what is 9 - -106?
110
In base 14, what is -1 + 111?
110
In base 7, what is -30 + -3?
-33
In base 6, what is -32 + -41?
-113
In base 14, what is -359 + -3?
-35c
In base 6, what is 10 + -223?
-213
In base 5, what is -2223 + 10?
-2213
In base 10, what is 62 + 3?
65
In base 13, what is -a + -b?
-18
In base 9, what is 672 - 5?
666
In base 11, what is -476 - -2?
-474
In base 5, what is -301022 + -4?
-301031
In base 6, what is -403 - -102?
-301
In base 15, what is e + 1e?
2d
In base 15, what is 161 + 4?
165
In base 4, what is -101 - -23?
-12
In base 2, what is 0 - -10000111001?
10000111001
In base 13, what is 2 + 71?
73
In base 7, what is -6 + 42?
33
In base 12, what is 3 + 141?
144
In base 2, what is -100100 + -1?
-100101
In base 14, what is 4a + 46?
92
In base 15, what is 3 + -ec?
-e9
In base 12, what is -24 - 235?
-259
In base 16, what is -17 + 2?
-15
In base 2, what is 1110011 - 10110000?
-111101
In base 16, what is -11d - -2?
-11b
In base 2, what is -10 - 10011000?
-10011010
In base 3, what is -2 - 22?
-101
In base 5, what is 23 - 4?
14
In base 14, what is 197 - 1?
196
In base 13, what is -169 - 8?
-174
In base 9, what is -241 + 2?
-238
In base 7, what is 0 - -1100?
1100
In base 13, what is -2 - 41?
-43
In base 4, what is 131330 + -20?
131310
In base 13, what is 134 + 17?
14b
In base 3, what is 22 + 20211111?
20211210
In base 13, what is 4 + -3c?
-38
In base 5, what is -10 - -12302?
12242
In base 4, what is -2202313 - 2?
-2202321
In base 3, what is -200121 - -2?
-200112
In base 13, what is 17 - -6?
20
In base 10, what is -15 - -1?
-14
In base 16, what is -3 - -118?
115
In base 16, what is -3 + 1d6?
1d3
In base 8, what is 4126 - -1?
4127
In base 5, what is 242004 + -10?
241444
In base 3, what is 112 + 0?
112
In base 8, what is -114 - -4?
-110
In base 6, what is -1244 - -5?
-1235
In base 5, what is -304 + 4?
-300
In base 7, what is 632 - 5?
624
In base 9, what is 2474 + 0?
2474
In base 1